ite?
True
Is 17747 a composite number?
False
Is 36209 prime?
True
Is 10193 composite?
False
Is 14893 a prime number?
False
Is 723391 prime?
True
Is 277613 a composite number?
True
Is 5793 prime?
False
Is 753 prime?
False
Is 64129 a prime number?
False
Is 265767 prime?
False
Is 1009 composite?
False
Is 8937439 prime?
False
Is 779 a prime number?
False
Is 303431 composite?
False
Is 5489 prime?
False
Is 4822 a composite number?
True
Is 27427 prime?
True
Is 16279 prime?
False
Is 78503 a composite number?
True
Is 376741 prime?
False
Is 15599 a prime number?
False
Is 230791 composite?
True
Is 38207 prime?
False
Is 3953 composite?
True
Is 13093 a composite number?
False
Is 6521 a prime number?
True
Is 426805 composite?
True
Is 528559 composite?
False
Is 4789 a prime number?
True
Is 3833 a prime number?
True
Is 1657 a composite number?
False
Is 34679 a composite number?
False
Is 1547539 composite?
True
Is 19286 a composite number?
True
Is 2521 a prime number?
True
Is 81439 composite?
False
Is 247501 a prime number?
True
Is 1745921 a composite number?
False
Is 3389 composite?
False
Is 1727 a composite number?
True
Is 437669 a prime number?
False
Is 54155 prime?
False
Is 233321 a prime number?
False
Is 69371 a prime number?
True
Is 19937 prime?
True
Is 253537 prime?
True
Is 2953 composite?
False
Is 898897 composite?
False
Is 415 a prime number?
False
Is 507827 prime?
True
Is 81721 composite?
True
Is 13443 a prime number?
False
Is 29789 a prime number?
True
Is 62107 a composite number?
True
Is 10081 a prime number?
False
Is 162251 a composite number?
False
Is 16381 a composite number?
False
Is 693703 prime?
False
Is 12143 composite?
False
Is 11963 composite?
True
Is 15877 a prime number?
True
Is 49087 a prime number?
False
Is 200119 a composite number?
True
Is 5323 a composite number?
False
Is 327883 composite?
True
Is 517723 composite?
True
Is 92459 a composite number?
False
Is 741269 a composite number?
True
Is 9445 a composite number?
True
Is 85411 prime?
True
Is 24155 a composite number?
True
Is 223207 prime?
True
Is 37747 a composite number?
False
Is 677423 a composite number?
False
Is 68041 a prime number?
True
Is 142723 composite?
True
Is 256931 composite?
False
Is 18671 composite?
False
Is 57581 a prime number?
False
Is 333087 composite?
True
Is 21089 composite?
False
Is 1753 prime?
True
Is 11087 a composite number?
False
Is 18041 composite?
False
Is 709661 a prime number?
False
Is 711559 a prime number?
False
Is 52531 composite?
True
Is 10727 composite?
True
Is 1751 prime?
False
Is 1318633 composite?
False
Is 72211 a composite number?
False
Is 553103 composite?
False
Is 743933 composite?
False
Is 167663 composite?
False
Is 19 composite?
False
Is 16649 a composite number?
False
Is 355457 prime?
True
Is 81323 composite?
True
Is 20039 a composite number?
True
Is 1234967 a composite number?
False
Is 5245 composite?
True
Is 338839 composite?
False
Is 730273 a prime number?
False
Is 132809 a prime number?
False
Is 7087 a composite number?
True
Is 9527 prime?
False
Is 11213 a prime number?
True
Is 138421 prime?
False
Is 12007 composite?
False
Is 119861 a prime number?
False
Is 68023 prime?
True
Is 23897 prime?
False
Is 2927293 a prime number?
True
Is 8147 prime?
True
Is 2429 a prime number?
False
Is 9961 a composite number?
True
Is 166351 composite?
False
Is 251333 a composite number?
True
Is 83021 composite?
True
Is 572087 composite?
False
Is 1044487 prime?
False
Is 835 a composite number?
True
Is 8727 composite?
True
Is 535219 a composite number?
False
Is 196087 a composite number?
False
Is 57131 a composite number?
False
Is 694795 composite?
True
Is 42797 composite?
False
Is 8147 a composite number?
False
Is 7117 prime?
False
Is 992939 a composite number?
True
Is 985399 composite?
False
Is 6998 composite?
True
Is 42641 composite?
False
Is 11771 composite?
True
Is 284099 composite?
True
Is 516599 a composite number?
False
Is 384049 a composite number?
False
Is 19121 prime?
True
Is 1949 prime?
True
Is 120157 prime?
True
Is 300619 a composite number?
True
Is 5981 a prime number?
True
Is 486797 composite?
False
Is 44329 prime?
False
Is 9337 a composite number?
False
Is 14509 prime?
False
Is 1979711 prime?
False
Is 35539 composite?
True
Is 862669 a prime number?
True
Is 11699 a composite number?
False
Is 185221 a prime number?
True
Is 221209 prime?
True
Is 3799 composite?
True
Is 207617 prime?
False
Is 1718927 a prime number?
False
Is 239509 a composite number?
False
Is 112633 a prime number?
False
Is 536093 composite?
True
Is 497131 prime?
False
Is 32527 a composite number?
True
Is 1067609 prime?
False
Is 31931 a prime number?
False
Is 695801 composite?
False
Is 523 a composite number?
False
Is 344579 a composite number?
True
Is 88379 a composite number?
False
Is 1128889 composite?
False
Is 339661 composite?
True
Is 1539233 a prime number?
False
Is 6809 prime?
False
Is 54857 a composite number?
True
Is 116411 composite?
False
Is 1973 composite?
False
Is 2879 composite?
False
Is 278711 a prime number?
False
Is 389507 prime?
True
Is 30577 prime?
True
Is 74861 a composite number?
False
Is 93047 composite?
False
Is 436187 a prime number?
False
Is 846113 prime?
True
Is 1483399 composite?
True
Is 57731 a composite number?
False
Is 39551 prime?
True
Is 4741 a composite number?
True
Is 6521 a composite number?
False
Is 13963 a prime number?
True
Is 145889 prime?
False
Is 34723 composite?
True
Is 1237733 composite?
True
Is 69637 a prime number?
False
Is 1361 a composite number?
False
Is 559991 composite?
False
Is 13117 a prime number?
False
Is 692305 a prime number?
False
Is 1128221 composite?
True
Is 4727 composite?
True
Is 173473 composite?
False
Is 51877 a composite number?
True
Is 217177 prime?
False
Is 8311 prime?
True
Is 1576963 a prime number?
False
Is 14359 composite?
True
Is 819649 composite?
True
Is 6041 composite?
True
Is 1703 prime?
False
Is 21181 composite?
True
Is 520615 composite?
True
Is 244138 a prime number?
False
Is 1567 a composite number?
False
Is 489 a prime number?
False
Is 32353 composite?
False
Is 6521 composite?
False
Is 130673 composite?
True
Is 179039 composite?
True
Is 177845 a composite number?
True
Is 12955 composite?
True
Is 1573009 prime?
True
Is 117427 prime?
True
Is 7354 composite?
True
Is 2218 a composite number?
True
Is 85685 a prime number?
False
Is 473601 composite?
True
Is 108133 prime?
False
Is 4441327 a prime number?
False
Is 398785 composite?
True
Is 10949 composite?
False
Is 335481 prime?
False
Is 43853 a prime number?
True
Is 541 a prime number?
True
Is 45359 prime?
False
Is 19267 prime?
True
Is 183283 composite?
False
Is 650041 prime?
False
Is 5501 a prime number?
True
Is 45247 prime?
True
Is 1058861 a composite number?
False
Is 1973 a composite number?
False
Is 22769 prime?
True
Is 840053 a prime number?
True
Is 75203 a prime number?
False
Is 99223 a prime number?
True
Is 278017 a prime number?
True
Is 14809 a prime number?
False
Is 6349133 a prime number?
False
Is 15634 prime?
False
Is 11299 composite?
False
Is 12439 a composite number?
True
Is 14683 prime?
True
Is 377459 composite?
False
Is 7121 prime?
True
Is 7195 prime?
False
Is 1219 composite?
True
Is 38987 a composite number?
True
Is 152017 a composite number?
False
Is 201065 a composite number?
True
Is 680341 a prime number?
True
Is 37803 composite?
True
Is 2048317 prime?
False
Is 12941 a prime number?
True
Is 1282231 a prime number?
True
Is 13909 a prime number?
False
Is 2309 composite?
False
Is 3937 a prime number?
False
Is 93529 composite?
False
Is 24391 a prime number?
True
Is 170737 a composite number?
True
Is 6197 composite?
False
Is 380873 a composite number?
True
Is 192989 a prime number?
False
Is 16519 prime?
True
Is 115201 prime?
True
Is 233 composite?
False
Is 1023769 a prime number?
True
Is 134141 a composite number?
True
Is 5407 prime?
True
Is 62683 prime?
True
Is 10177 composite?
False
Is 111703 prime?
False
Is 1568087 a prime number?
True
Is 59159 a prime number?
True
Is 3019 a prime number?
True
Is 2959 prime?
False
Is 42429 prime?
False
Is 9923 composite?
False
Is 2459 prime?
True
Is 430613 a prime number?
False
Is 473 composite?
True
Is 37081 prime?
False
Is 23459 a composite number?
False
Is 888257 composite?
False
Is 91733 a composite